of 187 and v?
17
Suppose -120 = -17*l + 13*l. Calculate the highest common factor of 35 and l.
5
Suppose -3*f + 588 = 3*u, -2*f + 6*f - 586 = -3*u. What is the greatest common divisor of u and 693?
99
Suppose 0 = -26*g + 7 + 19. What is the greatest common divisor of 2 and g?
1
Suppose 0 = -4*i, 5*n = 2*i + 315 + 610. Let d = -1079 + 1116. What is the greatest common factor of d and n?
37
Suppose 3*b = 3, b + b = 4*c - 6. Suppose -c*r = -26 - 4. What is the highest common factor of r and 15?
15
Let u(h) = h**3 - 3*h**2 + 18*h - 13. Let t be u(10). Calculate the greatest common factor of t and 51.
51
Let w = -19 + 151. What is the highest common factor of 66 and w?
66
Suppose -5*i - 31 = -2*k - 6*i, -3*i = 4*k - 63. Calculate the greatest common factor of 145 and k.
5
Let t be 11/(198/63)*(-36)/(-7). Let v be 3 + -1 + -6 + 2 + t. Let o be ((-8)/3)/((-1)/3). Calculate the highest common factor of v and o.
8
Let g(u) = 8*u + 14. Let l be g(-2). Let r be -2*(15/l - 0) - -4. What is the highest common divisor of 76 and r?
19
Let j be ((-155)/50 + (-4)/10)*-2. Suppose -3*w = -8*w + 315. Calculate the highest common factor of w and j.
7
Let x = 10 - -20. Let f = x + -25. Let h be (10/4)/(2/4). Calculate the highest common factor of f and h.
5
Let o(u) = -u + 1. Let g be o(-8). Let h be (36/(-42))/(2/(-14)). What is the highest common factor of g and h?
3
Let t be 0 + 2 + -3 - 0. Suppose 6 = -60*n + 57*n. Let g be t - (n/(-2) + -211). What is the greatest common factor of 19 and g?
19
Let t be (-1080)/16 + (-1)/2. Let f = t - -100. Calculate the highest common factor of f and 4.
4
Suppose 0 = 3*w - 11 - 13. Let c be 1 - (-4 - (-15)/5). Let f be (w + -13)/(c/(-6)). Calculate the highest common divisor of f and 75.
15
Let f(c) = -c**2 + 7*c + 38. Let x be f(10). What is the highest common divisor of x and 232?
8
Let x be 36/(-9)*-2*42. Calculate the highest common factor of 132 and x.
12
Suppose -g - g - 2*s = -8, 4 = s. Suppose 0 = -2*h - g*h. Suppose -4*o + 60 - 4 = h. What is the highest common factor of o and 7?
7
Let r(g) = -3*g - 7. Let l be r(-7). Let a be (-16)/(-12)*(l + -2). Let z = 21 - a. Calculate the highest common factor of z and 25.
5
Suppose 2*a = -5*g + 12, 7*g - 4*g - 1 = 5*a. Suppose 0 = g*r - 5*r + 18. Calculate the highest common factor of r and 36.
6
Suppose 7*z = 3*z + 56. Let o be 90/720 - 559/(-8). What is the greatest common divisor of z and o?
14
Let k = -61 - -57. Let v(f) = -19*f**3 + f. Let x be v(-2). Let q be (k/10)/((-5)/x). What is the highest common factor of q and 18?
6
Let z = 3 + 3. Let j = z + 19. Calculate the highest common factor of 10 and j.
5
Suppose 89 = 5*f + 44. Calculate the greatest common factor of 9 and f.
9
Let d(u) = u**2 + 7*u. Let h(b) = -b**3 - 17*b**2 + 20*b + 24. Let l be h(-18). Let g be d(l). Calculate the highest common factor of 20 and g.
20
Let u(y) = -y**3 - 46*y**2 - 8*y - 56. Let b be u(-46). Calculate the greatest common factor of b and 24.
24
Let o = -205 - -222. What is the highest common factor of o and 17?
17
Let k be (-2)/(-5) - 708/(-30). Calculate the highest common divisor of k and 8.
8
Let h(p) = -p**2 - 18*p - 37. Let x be h(-15). Let t(z) = -z + 14. Let i be t(x). Calculate the greatest common factor of i and 6.
6
Suppose 0 = 3*a + 2*w - 11, 2*w - 5 = 6*a - 7*a. Suppose c + a*c - 164 = -5*d, 2*c - d - 96 = 0. Calculate the greatest common factor of 460 and c.
46
Suppose u - 9 - 6 = 0. Let t be 5/((-10)/(-4))*-1*300/(-120). What is the highest common divisor of u and t?
5
Suppose -2*w = 3*a - 260, -4*a + 187 = -w - 178. Let v(i) = i**3 - 7*i**2 + 4*i + 2. Let m be v(7). Calculate the greatest common factor of m and a.
30
Let n(a) = -18*a - 207. Let b be n(-17). What is the greatest common divisor of b and 198?
99
Suppose -q - 64 = -2*q. Let k(b) = -8*b**2 + 490*b - 98. Let r be k(61). Calculate the greatest common divisor of r and q.
8
Suppose 4*m - 2*s - 2*s = 308, 3*m - 4*s = 230. Calculate the highest common divisor of m and 30.
6
Let c = 10 - 4. Suppose -c*a - 130 = -11*a. Calculate the greatest common divisor of 39 and a.
13
Let k = -438 + 440. Calculate the greatest common divisor of k and 54.
2
Suppose -3*j + 105 + 12 = 0. Suppose i - 18 = s, 2*i - j = 2*s + s. What is the greatest common divisor of 135 and i?
15
Let f = -589 + 415. Let i be 1/(f/(-42) - 4). What is the greatest common factor of i and 35?
7
Suppose -3*b - 15 + 46 = -4*t, 0 = -2*b - 4*t + 34. Let f be 7*1/((-1)/(-13)). What is the greatest common divisor of f and b?
13
Let q(g) = g**3 + 41*g**2 + 70*g - 96. Let o be q(-39). Calculate the greatest common factor of o and 8.
8
Let y(n) be the first derivative of -n**2/2 + 19*n - 19. Let p be y(15). Calculate the highest common divisor of 52 and p.
4
Let y be (210/(-9))/(4/(-18)). Let q be (-5)/10*(-29 + -1). Suppose -3*w + 4*w = q. What is the highest common factor of w and y?
15
Suppose -4*x + 5*t - 16 = 0, -3*x - 5*t + 0*t = 47. Let a(h) = h**3 + 11*h**2 + 12*h + 1. Let c be a(x). What is the greatest common factor of c and 5?
5
Suppose -113 + 388 = -11*w. Suppose -3*p = -15, 3*s + 0*p - p = -35. Let v be (-65)/w + (-4)/s. What is the highest common factor of v and 24?
3
Let d = 1205 - 630. What is the highest common factor of d and 115?
115
Suppose 0 = 14*z - 171 - 501. What is the highest common divisor of 16 and z?
16
Let j(l) = 24*l**2 - 37*l - 111. Let r be j(-5). What is the highest common factor of 2 and r?
2
Let c = -1443 - -1613. What is the highest common factor of c and 935?
85
Let k(f) = 2*f + 19. Let c(v) = v + 9. Let n(x) = 5*c(x) - 2*k(x). Let h be n(8). What is the highest common factor of h and 105?
15
Let w(j) = j**2 - 9*j - 7. Let z be w(10). Suppose -z*b - 28 = -b. Let i be 2/(-7) + (-634)/b. Calculate the greatest common factor of 30 and i.
15
Suppose 4*q + 119 = 435. Suppose 0 = -2*k - 27 + q. Calculate the highest common factor of 13 and k.
13
Let t = 19 - 19. Suppose t = -18*r + 24*r - 396. Calculate the greatest common divisor of r and 88.
22
Suppose -9*u + 4*u + 927 = 2*o, 382 = 2*u - 2*o. What is the greatest common factor of 119 and u?
17
Let t(z) = z**3 - 2*z**2 - 7*z + 6. Let g be t(4). Let v be 20 - (-3)/(15/g). Let q be -22*((-16)/2)/1. Calculate the highest common factor of q and v.
22
Let z = 55 + -39. Let l = z - 8. Calculate the highest common divisor of 2 and l.
2
Let p(v) = 2*v**2 + 5*v + 21. Let d be p(-5). What is the greatest common divisor of d and 322?
46
Let z = 20 - 28. Let y be z/6 + (-1122)/(-99). What is the greatest common factor of 6 and y?
2
Suppose -49*p + 56*p = 336. Calculate the greatest common divisor of 464 and p.
16
Suppose 3 = 3*r - 27. Suppose n - r = 16. Let j = n + -15. What is the highest common factor of 11 and j?
11
Let f(x) = -x**2 + 25*x + 18. Let a be f(16). Suppose -19*b = -16*b - a. Calculate the greatest common factor of 18 and b.
18
Let a = -778 + 802. Calculate the greatest common factor of 672 and a.
24
Let d be (-9)/6 - (210/(-4) + 3). Calculate the highest common divisor of d and 60.
12
Let y be ((-35)/15)/(-7)*3. Let s be (y - 18)/(5/(-5)). Let d = 189 - 36. What is the highest common divisor of d and s?
17
Let m(c) be the second derivative of 5*c**3/3 - 21*c**2/2 - 10*c. Let l be m(4). What is the highest common divisor of 57 and l?
19
Suppose 9*y + 4*g - 67 = 4*y, 62 = 4*y - g. Let l be ((-1)/(3/(-18)))/(18/27). Suppose -l*k - 20 = -13*k. Calculate the highest common divisor of y and k.
5
Let g(h) = h**3 - 8*h**2 + 15*h - 11. Let p be g(6). Let j = -52 + 109. Let u be -1 + 1 + (j - -6). Calculate the greatest common factor of p and u.
7
Let z be (2 - -1)*254/6. Suppose -402 = -5*u - z. What is the greatest common factor of u and 5?
5
Let p = 36 + -37. Let c = p + 7. Let b = -24 + 66. What is the highest common divisor of c and b?
6
Let j be 4/((-6)/(-1344)*7). What is the highest common divisor of 160 and j?
32
Let i be (-120)/(-6) + (1 - 1). Let l(a) = 10*a**2 + 3*a - 8. Let m(g) = -g - 10. Let d be m(-6). Let c be l(d). What is the highest common divisor of i and c?
20
Let u be (7/(-4))/((-9)/36). Suppose 2*r - 3 = u. Suppose -3*v + r*v = 10. What is the greatest common factor of 1 and v?
1
Let x = 49 + -29. Suppose 12*t - x = 4. Let o(u) = u + 5. Let w be o(-4). Calcula